 -132. Let j be (-26)/r - (-1390)/14. Calculate the highest common factor of 11 and j.
11
Let m be (-388)/(-485) - (202/(-10) + 2). Calculate the greatest common divisor of m and 1501.
19
Suppose 3*k - 16 = 2*g, 6*k - k + 5 = -3*g. Suppose k*m - 56 = -4*f, m - f - 31 = -m. Let d = m + -5. Calculate the greatest common divisor of 13 and d.
13
Suppose 5*a - 140 = 4*q, -3*a - 4*q + 62 = -22. What is the greatest common factor of a and 140?
28
Let l be 4*(-9)/(-12)*-1. Let h be (-6)/((-4)/(-8)*l). Suppose -n + 40 = w, -5*n = -2*w + 4*w - 92. Calculate the highest common divisor of w and h.
4
Let d = 207 - 195. What is the greatest common factor of 36 and d?
12
Let p = 706 - 482. Suppose 8*h - p = -56. What is the highest common factor of h and 7?
7
Let s = -2537 + 2547. What is the highest common divisor of s and 1390?
10
Let o = -1844 - -1856. What is the greatest common factor of 7 and o?
1
Let x be (-138)/(-9) - (-3)/(-9). Suppose -2*p = -5*a - 67 + 300, -3*p = 3*a - 123. Calculate the highest common factor of x and a.
15
Suppose 22 = -h + 3*i - 2*i, -2*i - 41 = 3*h. Let t = h + 23. Let x = 7 + t. What is the highest common divisor of x and 52?
13
Let v be (90/(-8))/(183/(-244)). Calculate the greatest common divisor of 235 and v.
5
Suppose -5 = -g, -p + 50 = -2*g - 171. Calculate the greatest common divisor of 63 and p.
21
Let d = -11 + 16. Let p(j) = j**2 - j + 2 - 1 - 2*j**2 + j**3. Let o be p(0). What is the greatest common factor of o and d?
1
Let k(l) be the second derivative of -l**4/12 + 2*l**3 + l**2 + 20*l. Let w be k(8). What is the greatest common factor of w and 238?
34
Suppose -4 - 16 = -4*c. Calculate the highest common factor of 235 and c.
5
Let d(i) = -8*i + 81. Let c be d(7). Calculate the greatest common divisor of 5 and c.
5
Let d be 96/60*10/4. Let g be 119*(-4)/(-16)*d. Calculate the greatest common divisor of g and 17.
17
Let m = 5 + -1. Let u(t) = -5*t - 15. Let k be u(-4). Let n(s) = 5*s - 15. Let c be n(k). Calculate the greatest common factor of m and c.
2
Let i(j) = 3*j**3 - 16*j + 1. Let s be i(4). What is the greatest common divisor of s and 3?
3
Suppose 52*p - 4992 = 36*p. What is the greatest common divisor of 216 and p?
24
Let l = 7 - -3. Suppose 2*h = -g + 113, 4*h = 2*g - 0*h - 210. Suppose x = 1 + g. What is the greatest common divisor of x and l?
10
Let v be 190/19 + 11 + -3. Suppose j + 362 = 5*d, -2*d - d + 226 = -5*j. What is the greatest common divisor of d and v?
18
Let d be (0 - 6)*(-4)/3. Calculate the greatest common divisor of d and 64.
8
Suppose -2*w - 5 = l, 7 = -2*l - 5*w + 4*w. Let c = l + -2. Let i(n) = 3*n**2 - 4*n + 4. Let y be i(c). What is the highest common divisor of 9 and y?
9
Suppose -114 = j - 0*j. Let d be (j/(-4))/((-3)/(-4)). Suppose t = -3*t + 228. Calculate the greatest common factor of d and t.
19
Let o(a) = 19*a**2 + 14*a - 14. Let y be o(2). Let l = -12 + 22. Calculate the greatest common factor of y and l.
10
Suppose 0 = -4*s - 5*m + 361, 4*s + 0*m - 2*m = 326. What is the greatest common factor of s and 126?
42
Let c = 77 - 42. Suppose 5*u - 4*w - c = 15, -5*u - 3*w + 85 = 0. Calculate the highest common factor of 7 and u.
7
Suppose 8*l - 232 = -0*l. Let c = -20 + l. Let n = 21 - c. Calculate the greatest common factor of n and 72.
12
Suppose -h - 133 + 370 = 5*d, -5*h - 15 = 0. Calculate the highest common divisor of d and 114.
6
Let x = 279 - 251. What is the greatest common factor of 126 and x?
14
Suppose 4*w - 11 = -5*y, -w - y = 3 - 6. Calculate the greatest common divisor of 1 and w.
1
Let p be 162/(-12)*24/(-18). Calculate the highest common factor of p and 8.
2
Suppose -4*i = -32 + 12. Suppose 0 = 3*k + i*s - 62, 5*s = 22 - 2. Let u = -24 + 45. Calculate the highest common factor of u and k.
7
Suppose 21 + 226 = 13*a. Let o(x) = -x**3 + 11*x**2 - 4*x - 8. Let j be o(8). Calculate the greatest common divisor of j and a.
19
Let c = 7 + 6. What is the greatest common divisor of c and 403?
13
Let s be 4 + 0/(-1 - -3). Suppose 34 = s*h - 2*h. Calculate the greatest common factor of h and 51.
17
Let s(m) = m**3 + 17*m**2 - 20*m + 12. Let y be s(-18). Calculate the highest common divisor of 112 and y.
16
Suppose -491*p = -493*p + 96. Calculate the greatest common factor of 128 and p.
16
Let l be (-855)/(-76) - (-1)/(-4). Suppose q - c = -3*q + 38, l = q - c. Calculate the greatest common divisor of q and 3.
3
Suppose -56 = 5*x + g, 0*g + g - 16 = x. Let l = 13 + -50. Let o = x - l. What is the greatest common divisor of o and 5?
5
Let k be 134424/60 + 1*4/(-10). What is the greatest common divisor of 35 and k?
35
Let i = -1576 - -1711. Calculate the greatest common factor of 40 and i.
5
Suppose -10 = 4*w - 30. What is the greatest common divisor of 25 and w?
5
Suppose 3*y - 109 = -t + 43, 2*y - 608 = -4*t. What is the greatest common divisor of 19 and t?
19
Let i(w) = -w**2 + 33*w - 152. Let v be i(22). Calculate the greatest common divisor of v and 342.
18
Suppose 3 = j + 5*w, j = -4*j - w + 63. Let y = 179 + -127. Suppose -27*m + y = -23*m. What is the highest common factor of j and m?
13
Let g be 12/(-9) + 1 - (-32)/6. Suppose -8*w - g*w = -52. Calculate the greatest common factor of 2 and w.
2
Let i be (-6)/(-4)*2016/189. What is the highest common divisor of i and 104?
8
Let v = -8 + 8. Suppose v = 2*g - 32 - 22. What is the greatest common divisor of g and 3?
3
Suppose 0 = -5*v + 5*r + 390, -v + 18 + 56 = -3*r. Suppose 2*n - 2*d - 20 = 0, 3*n + 4*d - 18 - 12 = 0. What is the highest common factor of n and v?
10
Let y = -48 + 57. Suppose 5*o - 196 = -y*o. What is the highest common factor of o and 98?
14
Let a = -7 + 6. Let y(f) = -3*f**3 + f**2 + 3*f + 1. Let g be y(a). What is the highest common factor of g and 2?
2
Let i be -5*(-786)/30 - (6/3 + -6). Suppose 4*d + 0*d = 4*x - 88, d = -3*x + 86. What is the highest common factor of x and i?
27
Suppose 7*s = 1539 + 309. Let z be s/21 - (-3 + 18/7). Calculate the greatest common factor of z and 117.
13
Let o(i) = 2*i**2 - 6*i + 4. Let p be o(4). Suppose -2*w - 3*y = -p, 3*w + 3*y - 13 = y. Calculate the greatest common factor of w and 2.
1
Suppose 7*m - 45 = 2*m. Suppose -m*p = -6*p - 45. Let b be (-3)/(-9) - 44/(-3). Calculate the greatest common divisor of b and p.
15
Suppose 19*k - 1198 = -343. Calculate the highest common divisor of k and 55.
5
Let n(f) = f**3 + 7*f**2 + f - 4. Let v be n(-6). Suppose -12*c + c = -429. What is the highest common divisor of c and v?
13
Let v be (-1 - 12335/(-35)) + (-44)/(-77). What is the highest common factor of 48 and v?
16
Let t = -17 + 43. Suppose -14*a - 156 = -26*a. Calculate the highest common divisor of t and a.
13
Suppose 26*k - 63 = 25*k. Calculate the highest common divisor of 9 and k.
9
Suppose -4*l - l = -10. Suppose l*w = k + 39, 0*w + w + 5*k - 3 = 0. What is the highest common divisor of 162 and w?
18
Let r be 8/6*(-3 + 54). Suppose 32 = 2*h + x, -h - 4*x - 59 = -4*h. Calculate the greatest common factor of h and r.
17
Suppose 370*l = 365*l + 2800. Calculate the highest common divisor of l and 10.
10
Let w = 37 - 8. Suppose -n = 5 - w. Calculate the highest common divisor of 12 and n.
12
Let d(h) = -16*h + 776. Let o be d(34). What is the highest common divisor of 261 and o?
29
Let i be 218*(28/8 + 4). What is the highest common divisor of i and 15?
15
Let r(m) = m**2 + 6*m - 27. Let a be r(-10). What is the highest common divisor of a and 13?
13
Suppose -45 = 15*n - 18*n. Calculate the greatest common divisor of n and 120.
15
Suppose 7*a - 24 + 10 = 0. Calculate the highest common factor of a and 10.
2
Let d(m) = m**3 - 13*m**2 + 12*m - 10. Let o be d(12). Let u be (2 - (-462)/(-35))/(4/o). What is the highest common divisor of 42 and u?
14
Let a = 37 - 10. Let n = 94 + -56. Suppose -5*u + n = -52. What is the highest common factor of a and u?
9
Let q be 338 - -3*(2 + -5). Calculate the highest common divisor of q and 47.
47
Let r be 1855/49 + 1/7. Suppose z = -3*f - 3*z + 43, -2*f - 5*z + r = 0. What is the greatest common factor of 63 and f?
9
Let o be (-128730)/(-350) + (-2)/(-10). Calculate the greatest common factor of o and 32.
16
Let p be 7 + -5 - 4 - (-2 + -2). Suppose p*u + 5*u = 140. What is the greatest common factor of u and 8?
4
Let p be 16 + -20 +